 r(1). Is 289 - l*3/12*0 a prime number?
False
Suppose 82 = 2*p + 90. Let d(f) = -300*f**3 - 6*f**2 + 4*f - 9. Is d(p) composite?
False
Let d(m) = 14*m**3 + 9*m**2 + 231*m - 32. Is d(26) a composite number?
True
Let n(p) = -6*p**3 - 14*p**2 - 88*p - 13. Is n(-14) composite?
False
Let s = -57995 + 416554. Is s a composite number?
True
Suppose -95725 = 157*x - 158*x. Let u = x - 37556. Is u composite?
False
Let x(z) = 313*z**2 + 437*z + 137. Is x(-50) composite?
True
Suppose -5*k + 25 = -20. Let a be (-12)/(-16)*(3 + k). Let g = a - -242. Is g a prime number?
True
Is (288/27)/(-16) + 3 + 2767218/9 prime?
True
Let f be (-5)/(-20) + 4/(32/78830). Let l = 15228 - f. Suppose 2*p - l = -708. Is p prime?
True
Suppose 5*w + 698 = 4*i, -5*i - w + 889 = w. Suppose -42 = -m + i. Let z = 1450 + m. Is z a composite number?
False
Suppose -6*w + 11*w = 3*w. Let a(n) = -n**3 - 9*n**2 - n + 11463. Is a(w) a prime number?
False
Suppose -2*b + 172 = 4*d + b, d = 5*b + 20. Suppose 46*z = d*z - 24. Is z + (-47835)/(-35) + 4/14 composite?
True
Let d(y) = 4101*y**2 + 13*y + 3. Let q(i) = -12303*i**2 - 38*i - 10. Let n(a) = -17*d(a) - 6*q(a). Is n(-1) a prime number?
False
Let n be 25/(-15)*-3 - 1. Let c be (-6)/3 + 3 + (7 - n). Suppose 0 = -c*q - 4, -q + 169 = 3*j - 1327. Is j a prime number?
True
Let w(j) = -313*j**3 - 7*j**2 + 11*j + 94. Is w(-5) prime?
False
Let b(o) = -7 + 314*o - 2 - 320*o. Let y be b(-2). Suppose -12*g + 2259 = -y*g. Is g composite?
False
Let b = -101 + 151. Suppose b*p + 6188 = 54*p. Let j = p - -384. Is j prime?
True
Let i = 97817 + -8256. Is i a prime number?
True
Is (-2)/38 - (-386538)/437*2 composite?
True
Let k(c) be the third derivative of -1285*c**4/4 + 107*c**3/6 - 51*c**2 - 2*c. Is k(-2) a composite number?
False
Let r(k) = -k**3 + 2*k**2 + 42*k - 12. Let h be r(-6). Is (2*3/(-8))/(h/(-936608)) a prime number?
True
Let n be 10/8 - (-90)/24. Suppose -s = n, -3*s = 4*c + c - 134630. Is c a prime number?
False
Suppose -5*r = -14*r + 3380184 - 169137. Is r composite?
True
Suppose -5*x + 4*t = -292, 122 = 3*x - 4*t - 58. Let l be 434/(-8) + 2/8. Let v = x + l. Is v a composite number?
False
Let x = -26297 + 39193. Suppose 0 = -3*o - 2*u - x, 12900 = -0*o - 3*o - 3*u. Is (2/(-4))/(6/o) - 3 prime?
False
Suppose 5*n - 3*y + 1 = n, 0 = -3*n + 2*y. Is (-1)/((16/(-84616))/n) prime?
False
Let u be ((-52)/6)/(((-80)/(-8790))/(-8)). Suppose 0 = -5*w - 2*o + 18985, 0 = -2*w + o + 3*o + u. Is w a prime number?
False
Let h = 510 - 27. Suppose 4316 = k + h. Is k prime?
True
Let u be (-9)/(-36) - (-167)/4. Suppose -3*d = -3*b + 903, b = -2*d + 250 + u. Suppose 3*f = -b + 1291. Is f composite?
False
Let y = 340 + -340. Let t(h) = h**3 - h**2 - 4*h + 1703. Is t(y) prime?
False
Suppose -x - 6 = 4*j, -5*j - 2*x - 6 = -0*x. Let w be ((-10)/(-6) + j)/((-5)/120). Let d(u) = 169*u + 15. Is d(w) prime?
True
Let b(h) = -h**3 - 21*h**2 - 23*h + 20. Let n be b(-20). Suppose -30882 = n*j - 86*j. Is j a prime number?
True
Suppose 0 = 7*w - 88 + 39. Suppose -3*z - 2*n + 58117 = 0, 2*z - w*n = -10*n + 38743. Is z prime?
True
Let c be 0/(-1*(1 - -2)). Suppose c = -5*d + d + 580. Is d a prime number?
False
Suppose -b + 3 = 2*l, 3*b - 7*b + 4 = 0. Let a(j) be the third derivative of 89*j**4/2 - j**3/6 - 22*j**2. Is a(l) composite?
True
Let b = -22 + 21. Let c = 4 - b. Let d(h) = 3*h**3 - 5*h**2 + h - 1. Is d(c) a composite number?
True
Suppose 30 = -18*p + 24*p. Suppose z + 4*h + 4208 = p*z, 4*z - 4178 = -2*h. Suppose 2*y + 317 - z = 0. Is y prime?
False
Suppose 70976 + 271420 = 36*d. Suppose d + 8861 = 12*u. Is u a prime number?
True
Suppose -2*n - 308 = 118. Let h = 1349 + n. Suppose 2*f - 5*u = 768, u = 4*f - 418 - h. Is f composite?
False
Let l be 6/(-3) - (4 + (-33)/3). Suppose 0 = -l*y + 6*y - 4. Suppose -y*m = 2*m - 318. Is m composite?
False
Suppose 0 = -90*r - 28*r - 0*r + 1155574. Is r prime?
False
Let u be 3*1/1 - (2 + 1). Suppose 13*t + t + 39102 = u. Is t/(-2) + 0 - 2/(-4) a composite number?
True
Let d = 110376 - 73289. Is d a prime number?
True
Suppose -5*g + 3470 = -4*a, 4*a = 5*g - a - 3470. Let o = -396 + g. Is o a prime number?
False
Suppose 0 = 3*h + t - 6, h - 3*h - 5*t + 4 = 0. Let c(x) = -h*x + 2 - 24*x - 17 - 4. Is c(-11) a composite number?
True
Suppose 469*p = 467*p - 3093390. Is p/(-39) - (-8)/52 a prime number?
True
Let w = -50 - -52. Suppose w*x = -2*i, -4*i = -3*x - 2*x + 18. Suppose 0 = x*d - 161 - 333. Is d a composite number?
True
Suppose -l + 276863 = v, -21*l + 27*v + 553900 = -19*l. Is l a composite number?
False
Let m(u) = 2*u**3 - 9*u**2 + 33*u - 417. Is m(27) a prime number?
False
Is (45/(-180))/(1/(-92632)) composite?
True
Let d(m) = 10*m**3 + 4*m**2 + m + 11. Let f(n) = -n**3 + n**2 - 3*n + 1. Let y(p) = -d(p) + 2*f(p). Is y(-10) composite?
True
Suppose 57*z = 55*z + 694. Let n = z + 140. Is n a composite number?
False
Suppose -4*z = -44 - 100. Let y = z + 1362. Suppose 9*u - 3*u - y = 0. Is u a composite number?
False
Let y be 2/5 + 114/15 + 2. Let u be 25/y*-2 - -8. Suppose g = -5*c + 2495, u*c - 2*c + g - 499 = 0. Is c prime?
True
Suppose -2*g - 12 - 2 = -p, 2*g = -10. Suppose p*l - 4*u = 34062 + 50162, -l + 21044 = -5*u. Is l a composite number?
False
Is 132994 - (15 + 180/(-18)) prime?
True
Suppose 174*f - 903744 - 6764262 = 0. Is f a composite number?
True
Let r(g) = 7142*g - 23. Let k be r(3). Let h = k + -14010. Is h a composite number?
False
Suppose -314 = 4*l - 58. Let r = -68 - l. Is (-1)/((-1356)/(-340) + r) a composite number?
True
Let r = -7075 - -18048. Is r a prime number?
True
Suppose -26858535 = 42*s - 32*s - 43*s. Is s a prime number?
False
Let z = -7654 + 139947. Is z composite?
True
Let t(n) = 11 - 230*n - 183*n + 20 - 12 - 191*n. Is t(-7) a composite number?
True
Let c = -365579 + 732480. Is c composite?
False
Suppose r + x = 8, -5*r = 6*x - 2*x - 45. Suppose 9*k + 4036 = r*k. Is k a prime number?
True
Is (-12 + 9 + 68026)*(6 - 3) prime?
False
Let r = 182 + -179. Let v = 15 - 11. Suppose -r*j - 688 = -z, -v*z = -2*z + 4*j - 1366. Is z a prime number?
False
Let s = -410 + 407. Let m(a) = 399*a**2 + 3*a + 11. Is m(s) prime?
True
Let n = 41 - 39. Let y be n/4 - (-50)/20. Suppose 3*p - 899 = -2*c, -y*p + 8*p + 923 = 2*c. Is c prime?
False
Suppose 15*w - 177 + 117 = 0. Let c(u) = 16*u**2 - 39*u - 5. Is c(w) composite?
True
Is (265645/(-6))/((-388)/2328) prime?
False
Let u = 372841 - 113720. Is u composite?
False
Suppose 2*k + 3*f = 26 - 5, 17 = -k + 4*f. Suppose k*t = -2*s - 14, -3*s + 1 = -0*s - t. Let w(n) = -202*n**3 + 2*n + 1. Is w(s) prime?
False
Let g(u) = -2*u**2 + 10*u + 8. Let h be g(6). Let j be h*(-5)/30*-753. Is -4*(j/(-8))/(10 + -11) a prime number?
True
Let y(z) = -3*z**3 - 36*z**2 + 7*z + 22. Let r be y(-16). Suppose -25*p + r = -11*p. Is p a composite number?
True
Suppose 0 = -2*c - 4*d + 3*d + 15, -4*d = 2*c - 30. Suppose 0 = -c*f + f + 28. Suppose 5*h + 2*m = f*h - 608, -3*m = -5*h + 1526. Is h composite?
False
Let j be 2/9 - (-6)/54*115891. Let v = j - 8790. Is v prime?
False
Is (381366/(-8))/(27/(-36)) prime?
False
Let g(o) = 38*o**2 - 291*o + 2463. Is g(-91) composite?
True
Suppose -2*z + 2*k - 7734 = 6*k, -k + 11580 = -3*z. Let o = z - -1772. Let m = o - -3132. Is m a prime number?
False
Suppose 0 = 7*w + 58 - 16. Is w - -5 - (-1 - 26627) composite?
False
Suppose 0 = -5*z - 5*u + 80970, -3*u - 637 = z - 16821. Is z a prime number?
False
Suppose 531*a + 7422298 = 44739385. Is a composite?
True
Let d = 981 - 964. Suppose 23088 = 65*g - d*g. Is g composite?
True
Let v be 172/36 - 1/(-18)*4. Suppose -479 - 15064 = -v*r - 2*i, 2*i - 8 = 0. Is r prime?
False
Suppose -3*l - 4*i + 11907 = 0, 4*l = -0*l - i + 15902. Is l composite?
True
Let s = -397 - -397. Is -3 + -2 - 48952/(-1 - s) composite?
False
Let a be (6/5)/(18/(-60)). Let c be (3*a)/((-6)/(-20)). Is (-16)/c + (-73)/(-5) a prime number?
False
Let t(h) = 5*h + 8*h**2 + 243 - 2*h**3 - 135 - 57. Is t(-16) composite?
False
Let d be ((-210)/(-75))/(1/5). Suppose -9144 = d*m - 291790. Is m prime?
False
Suppose -286*p - p + 205473798 = 19*p. Is p composite?
True
Let r = 7 - 29. Let z(c) = 23*c**2 - 22*c - 29. Is z(r) a prime number?
True
Is 460/(-100)*5 - -93576 composite?
False
Suppose -7*t + 279385 = -494885. Suppose -y = i - 36872, 4*y - 3*i 